{"id":346,"date":"2026-02-20T11:45:28","date_gmt":"2026-02-20T10:45:28","guid":{"rendered":"https:\/\/izi-group.fr\/izigroupsas\/?page_id=346"},"modified":"2026-02-20T14:03:04","modified_gmt":"2026-02-20T13:03:04","slug":"essentiel","status":"publish","type":"page","link":"https:\/\/izi-group.fr\/izigroupsas\/essentiel\/","title":{"rendered":"Essentiel"},"content":{"rendered":"\n<p>L&rsquo;offre Essentiel comprend une campagne cibl\u00e9e simple.<\/p>\n\n\n\n<p>A partir du formulaire sur lequel vous avez entr\u00e9 les caract\u00e9ristique de votre mailing list,<\/p>\n\n\n\n<p>Nous vous envoyons un devis.<\/p>\n\n\n\n<p>Le message ou le template sera envoy\u00e9 tel que vous nous l&rsquo;aurez fourni.<\/p>\n\n\n\n<p>Les comptes rendus de la campagne vous sont transmis par mail sans traitement  :<\/p>\n\n\n\n<ul class=\"wp-block-list\">\n<li>Taux d\u2019ouverture<\/li>\n\n\n\n<li>Taux d\u2019engagement<\/li>\n\n\n\n<li>Analyse comportementale<\/li>\n\n\n\n<li>Identification des prospects chauds<\/li>\n\n\n\n<li>Recommandations d\u2019optimisation.<\/li>\n<\/ul>\n\n\n\n<p><\/p>\n\n\n\n<p><\/p>\n\n\n\n<p><\/p>\n","protected":false},"excerpt":{"rendered":"<p>L&rsquo;offre Essentiel comprend une campagne cibl\u00e9e simple. A partir du formulaire sur lequel vous avez entr\u00e9 les caract\u00e9ristique de votre mailing list, Nous vous envoyons un devis. Le message ou le template sera envoy\u00e9 tel que vous nous l&rsquo;aurez fourni. Les comptes rendus de la campagne vous sont transmis par mail sans traitement :<\/p>\n","protected":false},"author":1,"featured_media":0,"parent":0,"menu_order":0,"comment_status":"closed","ping_status":"closed","template":"","meta":{"_seopress_robots_primary_cat":"","_seopress_titles_title":"","_seopress_titles_desc":"","_seopress_robots_index":"","footnotes":""},"class_list":["post-346","page","type-page","status-publish","hentry"],"_links":{"self":[{"href":"https:\/\/izi-group.fr\/izigroupsas\/wp-json\/wp\/v2\/pages\/346","targetHints":{"allow":["GET"]}}],"collection":[{"href":"https:\/\/izi-group.fr\/izigroupsas\/wp-json\/wp\/v2\/pages"}],"about":[{"href":"https:\/\/izi-group.fr\/izigroupsas\/wp-json\/wp\/v2\/types\/page"}],"author":[{"embeddable":true,"href":"https:\/\/izi-group.fr\/izigroupsas\/wp-json\/wp\/v2\/users\/1"}],"replies":[{"embeddable":true,"href":"https:\/\/izi-group.fr\/izigroupsas\/wp-json\/wp\/v2\/comments?post=346"}],"version-history":[{"count":2,"href":"https:\/\/izi-group.fr\/izigroupsas\/wp-json\/wp\/v2\/pages\/346\/revisions"}],"predecessor-version":[{"id":363,"href":"https:\/\/izi-group.fr\/izigroupsas\/wp-json\/wp\/v2\/pages\/346\/revisions\/363"}],"wp:attachment":[{"href":"https:\/\/izi-group.fr\/izigroupsas\/wp-json\/wp\/v2\/media?parent=346"}],"curies":[{"name":"wp","href":"https:\/\/api.w.org\/{rel}","templated":true}]}}