{"id":348,"date":"2026-02-20T11:52:51","date_gmt":"2026-02-20T10:52:51","guid":{"rendered":"https:\/\/izi-group.fr\/izigroupsas\/?page_id=348"},"modified":"2026-02-21T14:53:23","modified_gmt":"2026-02-21T13:53:23","slug":"performance","status":"publish","type":"page","link":"https:\/\/izi-group.fr\/izigroupsas\/performance\/","title":{"rendered":"Performance"},"content":{"rendered":"\n<p class=\"has-medium-font-size\">Programme Acquisition B2B Cibl\u00e9e<\/p>\n\n\n\n<p>Nous vous proposons d\u2019envoyer votre offre \u00e0 un fichier de professionnels strictement filtr\u00e9 selon vos crit\u00e8res : secteur d&rsquo;activit\u00e9, zone g\u00e9ographique, taille d\u2019entreprise et fonction d\u00e9cisionnaire. Vous acc\u00e9dez imm\u00e9diatement \u00e0 une audience qualifi\u00e9e, sans mobiliser vos \u00e9quipes en prospection froide. Les r\u00e9sultats sont mesurables, optimisables et souvent plus rentables qu\u2019un salon ou une campagne d\u2019appels. Nous ne faisons pas d\u2019envoi de masse g\u00e9n\u00e9rique. Le message est adapt\u00e9 \u00e0 votre cible, votre offre et votre positionnement<\/p>\n\n\n\n<p><\/p>\n\n\n\n<p><strong>Cette offre comprend :<\/strong><\/p>\n\n\n\n<ul class=\"wp-block-list\">\n<li>La campagne cibl\u00e9e selon vos informations fournies via le formulaire<strong> <a href=\"https:\/\/izi-group.fr\/izigroupsas\/mailing-list\/\">Mailing List.<\/a><\/strong><\/li>\n\n\n\n<li>Le traitement des retours<\/li>\n\n\n\n<li>Taux d\u2019ouverture<\/li>\n\n\n\n<li>Taux de clic<\/li>\n\n\n\n<li>Analyse des comportements<\/li>\n\n\n\n<li>Identification des prospects engag\u00e9s<\/li>\n\n\n\n<li>Le lancement d&rsquo;une deuxi\u00e8me campagne sous 7 jours<\/li>\n\n\n\n<li>Relance des clics par une troisi\u00e8me campagne sous 15 jours.<\/li>\n<\/ul>\n\n\n\n<p><strong>B\u00e9n\u00e9fices pour votre entreprise<\/strong><\/p>\n\n\n\n<ul class=\"wp-block-list\">\n<li>Acc\u00e8s direct \u00e0 vos d\u00e9cideurs cibles<\/li>\n\n\n\n<li>R\u00e9duction du co\u00fbt d\u2019acquisition<\/li>\n\n\n\n<li>Gain de temps pour vos \u00e9quipes<\/li>\n\n\n\n<li>G\u00e9n\u00e9ration d\u2019opportunit\u00e9s qualifi\u00e9es<\/li>\n\n\n\n<li>D\u00e9veloppement commercial scalable<\/li>\n<\/ul>\n","protected":false},"excerpt":{"rendered":"<p>Programme Acquisition B2B Cibl\u00e9e Nous vous proposons d\u2019envoyer votre offre \u00e0 un fichier de professionnels strictement filtr\u00e9 selon vos crit\u00e8res : secteur d&rsquo;activit\u00e9, zone g\u00e9ographique, taille d\u2019entreprise et fonction d\u00e9cisionnaire. Vous acc\u00e9dez imm\u00e9diatement \u00e0 une audience qualifi\u00e9e, sans mobiliser vos \u00e9quipes en prospection froide. Les r\u00e9sultats sont mesurables, optimisables et souvent plus rentables qu\u2019un salon &hellip; <\/p>\n","protected":false},"author":1,"featured_media":0,"parent":0,"menu_order":0,"comment_status":"closed","ping_status":"closed","template":"","meta":{"_seopress_robots_primary_cat":"","_seopress_titles_title":"","_seopress_titles_desc":"","_seopress_robots_index":"","footnotes":""},"class_list":["post-348","page","type-page","status-publish","hentry"],"_links":{"self":[{"href":"https:\/\/izi-group.fr\/izigroupsas\/wp-json\/wp\/v2\/pages\/348","targetHints":{"allow":["GET"]}}],"collection":[{"href":"https:\/\/izi-group.fr\/izigroupsas\/wp-json\/wp\/v2\/pages"}],"about":[{"href":"https:\/\/izi-group.fr\/izigroupsas\/wp-json\/wp\/v2\/types\/page"}],"author":[{"embeddable":true,"href":"https:\/\/izi-group.fr\/izigroupsas\/wp-json\/wp\/v2\/users\/1"}],"replies":[{"embeddable":true,"href":"https:\/\/izi-group.fr\/izigroupsas\/wp-json\/wp\/v2\/comments?post=348"}],"version-history":[{"count":4,"href":"https:\/\/izi-group.fr\/izigroupsas\/wp-json\/wp\/v2\/pages\/348\/revisions"}],"predecessor-version":[{"id":371,"href":"https:\/\/izi-group.fr\/izigroupsas\/wp-json\/wp\/v2\/pages\/348\/revisions\/371"}],"wp:attachment":[{"href":"https:\/\/izi-group.fr\/izigroupsas\/wp-json\/wp\/v2\/media?parent=348"}],"curies":[{"name":"wp","href":"https:\/\/api.w.org\/{rel}","templated":true}]}}